f w?
1
Let k be (4/(-6))/((-20)/90). Let i(h) be the first derivative of h**2/2 - h - 1. What is the units digit of i(k)?
2
Let a(b) = b**3 + 3*b**2 + b. Let o be a(-2). Suppose 0 = o*y - 0*y - 28. What is the tens digit of y?
1
Suppose 2*c - 909 = -7*c. What is the units digit of c?
1
Suppose -5*p + 12*p - 980 = 0. What is the units digit of p?
0
Let t(g) = 5*g**2 - 1. Let s be t(1). Suppose 3*b + 0 = 3*d + 12, 4*b + 3*d - 2 = 0. Let w = s - b. What is the units digit of w?
2
What is the tens digit of 910/12 - 4/(-24)?
7
Let y(l) = -2*l**2 - 10*l - 9. Let d(g) = -g**2 - 1. Let u(m) = -m**2. Let o be u(1). Let a(h) = o*y(h) + 3*d(h). What is the tens digit of a(9)?
1
Let z = 91 + -65. What is the units digit of z?
6
Let i = 34 - 3. What is the tens digit of i?
3
Let l = -4 + 8. Let d = 1 + l. What is the units digit of d?
5
Suppose -4*f + 387 = 95. What is the units digit of f?
3
Let z(p) be the first derivative of -3*p**2 - 3. What is the units digit of z(-1)?
6
What is the tens digit of -10*4*1/(-2)?
2
Suppose -7 = -3*f - 4. What is the units digit of f?
1
Suppose 3*d - 4*f - 166 = 0, -5*f = -2*f - 15. Let y = d + -39. What is the units digit of y?
3
Let h = -31 - -126. What is the tens digit of h?
9
Let k(f) = -2*f**3 - 4*f**2 - 4*f - 3. Let g = -4 - -7. Suppose 14 - 5 = g*q + 5*m, 2*q = -2*m + 2. What is the units digit of k(q)?
5
Suppose 2*g = 5*i + 32, -i = -3*i + 2*g - 14. Let n be i/(-15) + 4/(-10). Let t = 1 - n. What is the units digit of t?
1
Let s be 6 + 1 + (-2)/1. Let n be (-1)/(-2) - 2/(-4). Suppose -2*c + n = -u - 0, c + 4*u = s. What is the units digit of c?
1
What is the hundreds digit of 4/(-10) - (5635/(-25) - 7)?
2
Let h(c) be the third derivative of c**4/8 + 7*c**3/6 + 7*c**2. What is the tens digit of h(3)?
1
Suppose -2*a = -w - 0*w + 19, 3*w + 5*a = 90. What is the units digit of w?
5
Suppose 52 = -2*m + m. Let p = 79 + m. What is the tens digit of p?
2
Let k(c) = 35*c**2 + c. Let z be k(1). Let w(v) = v**3 + 30*v**2 - 31*v + 2. Let b be w(-31). Suppose -b*u = 2*u - z. What is the units digit of u?
9
Let o(g) = g**3 - 2*g**2 - 2*g + 6. What is the tens digit of o(5)?
7
Let u(t) = -134*t**3 + t**2 + 2*t + 2. What is the tens digit of u(-1)?
3
Let u(n) = n**2 + n + 2. Let g be u(-4). Let z = g + 2. What is the tens digit of z?
1
Suppose 3*j = 4*b - 2*b + 755, -2*b = 3*j - 739. What is the hundreds digit of j?
2
Suppose -2 + 21 = f. Suppose f = h - 3. What is the units digit of h?
2
Let q = 114 - 54. What is the units digit of (4 - (-40)/(-12))*q?
0
Suppose 7*p - 510 - 211 = 0. What is the units digit of p?
3
Suppose -4*j + 91 - 19 = 0. Suppose -4*a = 8, 2*t - 14 = 6*t + a. What is the units digit of (-1)/t - (-48)/j?
3
Suppose 0 = -a - 3*m + 123, 3 = -2*m + 3*m. What is the hundreds digit of a?
1
Let o = 5 - -2. What is the units digit of o?
7
Suppose y - 5 + 3 = 0. Suppose 0 = -4*x + 3*d + 22, y*x + 2*d - 8 = -x. What is the tens digit of ((-21)/x)/(5/(-20))?
2
What is the units digit of 2721/15 - 12/30?
1
Suppose -5*w = 4*f + 9, 3*f - 5*w = f + 3. Suppose 0 = -2*c + 4*c - 4. What is the units digit of f/c*2 + 9?
8
Suppose b + 1 = 5*z, 5*b + 2 = 5*z - 3. Let f(d) = 9*d**2. What is the units digit of f(b)?
9
Let u = 8 + -5. Suppose 25 = 3*p - 2*x, -3 = -p + u*x - 4. What is the tens digit of p?
1
Suppose 4*x + 24 - 4 = 0. Suppose 4*r + 4*h + 56 = 0, -4*r - 46 - 4 = 2*h. Let p = x - r. What is the units digit of p?
6
What is the tens digit of (11/(-1))/(-2 + 4)*-20?
1
Let a = -9 - -9. Suppose -2*n = 4*u + n - 26, u - 3*n - 14 = a. What is the units digit of u?
8
Let x(y) = -y + 6. Let k(r) = -r**3 - 2*r**2 - r. Suppose -4*j = c - 3*c + 2, 4*c + 4 = 0. Let v be k(j). What is the units digit of x(v)?
6
Suppose m - 3*m = -6, -2*m + 264 = 3*l. What is the tens digit of l?
8
Suppose 2 = -0*y + y. What is the units digit of (-3)/(-2) - (-111)/y?
7
Suppose 5*m - n - 35 = 0, 2*m - n + 4 = 21. Suppose 0 = 2*o - 0*o + p - m, 4*o + p = 8. Suppose 2 - o = k. What is the units digit of k?
1
Suppose 5*z + 326 = 3*k, 0 = 3*k + 3*z - 2*z - 338. What is the tens digit of k?
1
Let c = 10 + -14. What is the units digit of (5 - 1)*(-19)/c?
9
Let p be 1 - (0 - (-1 + -5)). Let u = -10 - p. What is the units digit of (u/15)/((-2)/30)?
5
Let c be ((-2)/(-4))/(2/12). Suppose c*b = -b + 16. What is the units digit of b?
4
Let g = 4 + -6. Let k(o) = o**3 + o**2 + o - 2. Let f be k(g). Let p = 13 + f. What is the units digit of p?
5
What is the units digit of -1*4/8*-38?
9
Let m(c) = 86*c + 1. What is the units digit of m(2)?
3
Let u(m) be the first derivative of m**3/3 + 3*m**2/2 + 5*m + 2. What is the units digit of u(-4)?
9
Suppose 0 = 2*y + 2*i - 3 + 1, 0 = 3*y + 4*i - 2. What is the units digit of (0 + 1)/(y/10)?
5
Let s = 150 - 19. What is the tens digit of s?
3
Suppose -12 = 3*n - 81. What is the units digit of n?
3
Suppose -4*r - 304 = 40. What is the tens digit of 6/12 - r/4?
2
Suppose -y - 3 = -2*y. Suppose j + 4 = -f - 4*j, -y*j = -f + 20. What is the tens digit of f?
1
Let a be (-32)/(-6) + (-2)/6. Suppose -2 - a = -y. Let n = 14 - y. What is the units digit of n?
7
Let w(q) = q**2 + 7*q + 8. Let l be w(-6). Suppose -l*s + 7*s - 80 = 0. What is the units digit of s?
6
Let y(z) = -20*z - 1. What is the units digit of y(-2)?
9
Let d = 15 + -7. Suppose -4*k + 16 = -d*k. Let g(j) = -2*j - 5. What is the units digit of g(k)?
3
Let u(f) = -f**3 + 3*f - 2. What is the units digit of u(-3)?
6
What is the units digit of 1136/(-6)*9/(-6)?
4
Let w(f) = 2*f**2. Let j = -6 - -16. Let o be ((-4)/j)/((-1)/(-5)). What is the units digit of w(o)?
8
Let i(g) = -5*g**3 + g. Let b be i(1). Let w = b + 6. What is the units digit of (7/1 - w) + 0?
5
Suppose -5*g - 5*a + 325 = 0, -g = a + 2*a - 69. What is the tens digit of g?
6
Let i = -43 + 68. What is the units digit of i?
5
Suppose -6*i + 2*i = -12. Suppose -5 = -c + 2*o, 5*c - 5*o - 27 - i = 0. What is the units digit of c?
7
Let u(f) = -f**3 + f**2 + 2*f - 2. What is the tens digit of u(-3)?
2
Suppose 137 = 4*m - 71. What is the tens digit of m?
5
What is the units digit of (-2 - -1) + (-68)/(3/(-3))?
7
Let c = 112 - 86. What is the units digit of c?
6
Suppose 2*o - 5*l = -0*l + 22, -4*o - 2*l = -20. Suppose -2*h + 8 = 4*m, 5*h - 2*m - 14 = -o*m. Suppose -b + 9 = h*b. What is the units digit of b?
3
Suppose 4*j - 820 = -4*b, 264 = 4*b - 2*j - 574. What is the hundreds digit of b?
2
Let a(p) be the third derivative of p**4/12 - 4*p**3/3 - p**2. What is the tens digit of a(9)?
1
Let y = -76 + 148. Suppose 5*b + z - y = 5*z, -3*b + 44 = -2*z. What is the tens digit of b?
1
Suppose -92 = 3*j - 3*q - 2, -4*j - 104 = 4*q. Let y = j + 54. What is the units digit of y?
6
Let v(t) = t**2 + 6*t + 8. What is the units digit of v(-8)?
4
Suppose 0 = 12*n - 16*n + 400. What is the hundreds digit of n?
1
Let w be (-1)/((-1)/38) + -2. What is the units digit of 6/18*w/2?
6
Let s = 39 - 38. What is the units digit of s?
1
Let n(l) = -28*l**2 + l. Let o be n(1). What is the tens digit of 1/(-2)*(o - 3)?
1
Let x be 6/33 - 2/11. Suppose x*u = 5*c + u - 18, -4*c - 5*u + 27 = 0. Suppose c*p = 2 + 4. What is the units digit of p?
2
Suppose -3*l - r = -9 - 43, 0 = 4*r + 8. What is the tens digit of l?
1
Let g be -2 - 1*(-1 + -4). Let m = -5 + 9. Suppose -g*u + 10 = m*d, 3*d - 3*u = 9 + 9. What is the units digit of d?
4
Let j(m) = -m**3 - 2*m**2 + 5*m - 2. Suppose 4*p + 9 + 7 = 0. What is the tens digit of j(p)?
1
Let t be (-5 - 15) + -2*2. Let z = t + 30. What is the units digit of z?
6
Suppose -3*h + 616 = h. What is the tens digit of h?
5
Suppose 0 = -6*x + 4*x + 30. Suppose 2*q - 5*q + x = 0. Suppose -3*c - 92 = -3*l - l, -4*c + 84 = q*l. What is the tens digit of l?
2
Suppose k + 4 = 0, 2*m + 2*k - 70 = k. Suppose 15 = 4*j - m. What is the units digit of j?
3
Let k(q) = 10 - q + 2*q**3 + 2*q**3 + 2*q - 3*q**3. Let g be k(0). Let x = 24 - g. What is the units digit of x?
4
Let j = 33 - 20. Let f(b) = 0 - 2 - 2*b + 3*b + j. What is the tens digit of f(0)?
1
Suppose -s + 2*l = 3*s - 320, -4*s + 3*l + 322 = 0. What is the tens digit of s?
7
Let j(z) be the first derivative of 1/4*z**4 - z**3 + 3 + 4*z - 2*z**2. What is the units digit of j(4)?
4
What is the units digit of (14/4)/((-1)/(-6))?
1
Suppose 4*i = -3*v + 144 - 43